{"id":1050,"date":"2025-04-29T20:54:14","date_gmt":"2025-04-29T18:54:14","guid":{"rendered":"https:\/\/mogenstanketank.dk\/?page_id=1050"},"modified":"2025-08-23T19:01:41","modified_gmt":"2025-08-23T17:01:41","slug":"storebaeltskoret","status":"publish","type":"page","link":"https:\/\/mogenstanketank.dk\/?page_id=1050","title":{"rendered":"Storeb\u00e6ltskoret"},"content":{"rendered":"<div class=\"xdj266r x14z9mp xat24cr x1lziwak x1vvkbs x126k92a\">\n<div dir=\"auto\"><\/div>\n<div dir=\"auto\"><\/div>\n<div dir=\"auto\"><\/div>\n<div dir=\"auto\">Vi er vandet &#8211; udsnit &#8211; opf\u00f8rt ved Maritime Folkem\u00f8de 23\/8-25. Med vindst\u00f8j og mest bas. Gry Bag\u00f8ien.<\/div>\n<div dir=\"auto\"><\/div>\n<div dir=\"auto\">\n<div style=\"width: 580px;\" class=\"wp-video\"><video class=\"wp-video-shortcode\" id=\"video-1050-1\" width=\"580\" height=\"326\" preload=\"metadata\" controls=\"controls\"><source type=\"video\/mp4\" src=\"https:\/\/mogenstanketank.dk\/wp-content\/uploads\/2025\/08\/Vi-eer-vadet-230825.mp4?_=1\" \/><a href=\"https:\/\/mogenstanketank.dk\/wp-content\/uploads\/2025\/08\/Vi-eer-vadet-230825.mp4\">https:\/\/mogenstanketank.dk\/wp-content\/uploads\/2025\/08\/Vi-eer-vadet-230825.mp4<\/a><\/video><\/div>\n<p>Storeb\u00e6ltskoret begynder \u00f8vning mandag, den 11. august kl. 18.45 i Spillestedet i Kultuthuset.<\/p><\/div>\n<div dir=\"auto\">Der er plads til nye sangere.<\/div>\n<\/div>\n<div class=\"x14z9mp xat24cr x1lziwak x1vvkbs xtlvy1s x126k92a\">\n<div dir=\"auto\">Koret holder sommerfest hos Madam Bagger torsdag, den 14. august.<\/div>\n<\/div>\n<div class=\"x14z9mp xat24cr x1lziwak x1vvkbs xtlvy1s x126k92a\">\n<div dir=\"auto\">Vi vil formodentlig medvirke i et arrangement p\u00e5 Kongeg\u00e5rden i et kunstv\u00e6rk af lyskunstner Gry Bag\u00f8ie l\u00f8rdag, den 23. august kl. 13.00 &#8211; 13.15.<\/div>\n<\/div>\n<div class=\"x14z9mp xat24cr x1lziwak x1vvkbs xtlvy1s x126k92a\">\n<div dir=\"auto\">L\u00f8rdag, den 6. september kl. 12.30 synger vi i Marmorsalen to nye Kors\u00f8rsange og tre Baggesensange, i forbindelse med Kulturhusets \u00e5bne fejring af Kors\u00f8rs k\u00f8bstadsjubil\u00e6um<\/div>\n<div dir=\"auto\">.<\/div>\n<\/div>\n<div class=\"x14z9mp xat24cr x1lziwak x1vvkbs xtlvy1s x126k92a\">\n<div dir=\"auto\">Vi f\u00e5r bes\u00f8g af et tysk kor 24. &#8211; 26. oktober.<\/div>\n<div dir=\"auto\"><\/div>\n<\/div>\n<h6><img loading=\"lazy\" decoding=\"async\" class=\"wp-image-1065 aligncenter\" src=\"https:\/\/mogenstanketank.dk\/wp-content\/uploads\/2025\/05\/Foraarskoncert-Halsskov-plakat-til-videre-212x300.jpg\" alt=\"\" width=\"545\" height=\"771\" srcset=\"https:\/\/mogenstanketank.dk\/wp-content\/uploads\/2025\/05\/Foraarskoncert-Halsskov-plakat-til-videre-212x300.jpg 212w, https:\/\/mogenstanketank.dk\/wp-content\/uploads\/2025\/05\/Foraarskoncert-Halsskov-plakat-til-videre-724x1024.jpg 724w, https:\/\/mogenstanketank.dk\/wp-content\/uploads\/2025\/05\/Foraarskoncert-Halsskov-plakat-til-videre-768x1086.jpg 768w, https:\/\/mogenstanketank.dk\/wp-content\/uploads\/2025\/05\/Foraarskoncert-Halsskov-plakat-til-videre.jpg 993w\" sizes=\"auto, (max-width: 545px) 100vw, 545px\" \/><\/h6>\n<p>Storeb\u00e6ltskoret begynder \u00f8vning mandag, den 11. august, kl. 18.45. Festlig middag 14. august formodentlig kl. 18.00.<\/p>\n","protected":false},"excerpt":{"rendered":"<p>Vi er vandet &#8211; udsnit &#8211; opf\u00f8rt ved Maritime Folkem\u00f8de 23\/8-25. Med vindst\u00f8j og mest bas. Gry Bag\u00f8ien. Storeb\u00e6ltskoret begynder \u00f8vning mandag, den 11. august kl. 18.45 i Spillestedet i Kultuthuset. Der er plads til nye sangere. Koret holder sommerfest hos Madam Bagger torsdag, den 14. august. Vi vil formodentlig medvirke i et arrangement p\u00e5 [&hellip;]<\/p>\n","protected":false},"author":1,"featured_media":0,"parent":0,"menu_order":0,"comment_status":"closed","ping_status":"closed","template":"","meta":{"footnotes":""},"class_list":["post-1050","page","type-page","status-publish","hentry"],"_links":{"self":[{"href":"https:\/\/mogenstanketank.dk\/index.php?rest_route=\/wp\/v2\/pages\/1050","targetHints":{"allow":["GET"]}}],"collection":[{"href":"https:\/\/mogenstanketank.dk\/index.php?rest_route=\/wp\/v2\/pages"}],"about":[{"href":"https:\/\/mogenstanketank.dk\/index.php?rest_route=\/wp\/v2\/types\/page"}],"author":[{"embeddable":true,"href":"https:\/\/mogenstanketank.dk\/index.php?rest_route=\/wp\/v2\/users\/1"}],"replies":[{"embeddable":true,"href":"https:\/\/mogenstanketank.dk\/index.php?rest_route=%2Fwp%2Fv2%2Fcomments&post=1050"}],"version-history":[{"count":10,"href":"https:\/\/mogenstanketank.dk\/index.php?rest_route=\/wp\/v2\/pages\/1050\/revisions"}],"predecessor-version":[{"id":1100,"href":"https:\/\/mogenstanketank.dk\/index.php?rest_route=\/wp\/v2\/pages\/1050\/revisions\/1100"}],"wp:attachment":[{"href":"https:\/\/mogenstanketank.dk\/index.php?rest_route=%2Fwp%2Fv2%2Fmedia&parent=1050"}],"curies":[{"name":"wp","href":"https:\/\/api.w.org\/{rel}","templated":true}]}}

Storebæltskoret

<div class="xdj266r x14z9mp xat24cr x1lziwak x1vvkbs x126k92a">
<div dir="auto"></div>
<div dir="auto"></div>
<div dir="auto"></div>
<div dir="auto">Vi er vandet &#8211; udsnit &#8211; opført ved Maritime Folkemøde 23/8-25. Med vindstøj og mest bas. Gry Bagøien.</div>
<div dir="auto"></div>
<div dir="auto">
<div style="width: 580px;" class="wp-video"><video class="wp-video-shortcode" id="video-1050-1" width="580" height="326" preload="metadata" controls="controls"><source type="video/mp4" src="https://mogenstanketank.dk/wp-content/uploads/2025/08/Vi-eer-vadet-230825.mp4?_=1" /><a href="https://mogenstanketank.dk/wp-content/uploads/2025/08/Vi-eer-vadet-230825.mp4">https://mogenstanketank.dk/wp-content/uploads/2025/08/Vi-eer-vadet-230825.mp4</a></video></div>
<p>Storebæltskoret begynder øvning mandag, den 11. august kl. 18.45 i Spillestedet i Kultuthuset.</p></div>
<div dir="auto">Der er plads til nye sangere.</div>
</div>
<div class="x14z9mp xat24cr x1lziwak x1vvkbs xtlvy1s x126k92a">
<div dir="auto">Koret holder sommerfest hos Madam Bagger torsdag, den 14. august.</div>
</div>
<div class="x14z9mp xat24cr x1lziwak x1vvkbs xtlvy1s x126k92a">
<div dir="auto">Vi vil formodentlig medvirke i et arrangement på Kongegården i et kunstværk af lyskunstner Gry Bagøie lørdag, den 23. august kl. 13.00 &#8211; 13.15.</div>
</div>
<div class="x14z9mp xat24cr x1lziwak x1vvkbs xtlvy1s x126k92a">
<div dir="auto">Lørdag, den 6. september kl. 12.30 synger vi i Marmorsalen to nye Korsørsange og tre Baggesensange, i forbindelse med Kulturhusets åbne fejring af Korsørs købstadsjubilæum</div>
<div dir="auto">.</div>
</div>
<div class="x14z9mp xat24cr x1lziwak x1vvkbs xtlvy1s x126k92a">
<div dir="auto">Vi får besøg af et tysk kor 24. &#8211; 26. oktober.</div>
<div dir="auto"></div>
</div>
<h6><img loading="lazy" decoding="async" class="wp-image-1065 aligncenter" src="https://mogenstanketank.dk/wp-content/uploads/2025/05/Foraarskoncert-Halsskov-plakat-til-videre-212x300.jpg" alt="" width="545" height="771" srcset="https://mogenstanketank.dk/wp-content/uploads/2025/05/Foraarskoncert-Halsskov-plakat-til-videre-212x300.jpg 212w, https://mogenstanketank.dk/wp-content/uploads/2025/05/Foraarskoncert-Halsskov-plakat-til-videre-724x1024.jpg 724w, https://mogenstanketank.dk/wp-content/uploads/2025/05/Foraarskoncert-Halsskov-plakat-til-videre-768x1086.jpg 768w, https://mogenstanketank.dk/wp-content/uploads/2025/05/Foraarskoncert-Halsskov-plakat-til-videre.jpg 993w" sizes="auto, (max-width: 545px) 100vw, 545px" /></h6>
<p>Storebæltskoret begynder øvning mandag, den 11. august, kl. 18.45. Festlig middag 14. august formodentlig kl. 18.00.</p>

<p>Vi er vandet &#8211; udsnit &#8211; opført ved Maritime Folkemøde 23/8-25. Med vindstøj og mest bas. Gry Bagøien. Storebæltskoret begynder øvning mandag, den 11. august kl. 18.45 i Spillestedet i Kultuthuset. Der er plads til nye sangere. Koret holder sommerfest hos Madam Bagger torsdag, den 14. august. Vi vil formodentlig medvirke i et arrangement på [&hellip;]</p>
